{"id":124,"date":"2013-02-24T12:20:25","date_gmt":"2013-02-24T11:20:25","guid":{"rendered":"http:\/\/scera.lu\/?page_id=124"},"modified":"2020-08-07T08:57:33","modified_gmt":"2020-08-07T07:57:33","slug":"fotoen","status":"publish","type":"page","link":"https:\/\/scera.lu\/?page_id=124","title":{"rendered":"Gallerie-Natation"},"content":{"rendered":"<h3><span style=\"text-decoration: underline; color: #3366ff;\"><span style=\"text-decoration: underline;\">Quelques im<\/span>pressions des ann\u00e9es pr\u00e9c\u00e9dentes du SC ERA<\/span><\/h3>\n\n\t\t<style type=\"text\/css\">\n\t\t\t#gallery-1 {\n\t\t\t\tmargin: auto;\n\t\t\t}\n\t\t\t#gallery-1 .gallery-item {\n\t\t\t\tfloat: left;\n\t\t\t\tmargin-top: 10px;\n\t\t\t\ttext-align: center;\n\t\t\t\twidth: 33%;\n\t\t\t}\n\t\t\t#gallery-1 img {\n\t\t\t\tborder: 2px solid #cfcfcf;\n\t\t\t}\n\t\t\t#gallery-1 .gallery-caption {\n\t\t\t\tmargin-left: 0;\n\t\t\t}\n\t\t\t\/* see gallery_shortcode() in wp-includes\/media.php *\/\n\t\t<\/style>\n\t\t<div id='gallery-1' class='gallery galleryid-124 gallery-columns-3 gallery-size-full'><dl class='gallery-item'>\n\t\t\t<dt class='gallery-icon landscape'>\n\t\t\t\t<img loading=\"lazy\" decoding=\"async\" width=\"300\" height=\"200\" src=\"https:\/\/scera.lu\/wp-content\/uploads\/IMG_7023.jpg\" class=\"attachment-full size-full\" alt=\"\" srcset=\"https:\/\/scera.lu\/wp-content\/uploads\/IMG_7023.jpg 300w, https:\/\/scera.lu\/wp-content\/uploads\/IMG_7023-2x1.jpg 2w\" sizes=\"auto, (max-width: 300px) 100vw, 300px\" \/>\n\t\t\t<\/dt><\/dl><dl class='gallery-item'>\n\t\t\t<dt class='gallery-icon landscape'>\n\t\t\t\t<img loading=\"lazy\" decoding=\"async\" width=\"300\" height=\"200\" src=\"https:\/\/scera.lu\/wp-content\/uploads\/DanyLaurent-Ialmar.jpg\" class=\"attachment-full size-full\" alt=\"\" srcset=\"https:\/\/scera.lu\/wp-content\/uploads\/DanyLaurent-Ialmar.jpg 300w, https:\/\/scera.lu\/wp-content\/uploads\/DanyLaurent-Ialmar-2x1.jpg 2w\" sizes=\"auto, (max-width: 300px) 100vw, 300px\" \/>\n\t\t\t<\/dt><\/dl><dl class='gallery-item'>\n\t\t\t<dt class='gallery-icon landscape'>\n\t\t\t\t<img loading=\"lazy\" decoding=\"async\" width=\"300\" height=\"200\" src=\"https:\/\/scera.lu\/wp-content\/uploads\/FOTOS-209.jpg\" class=\"attachment-full size-full\" alt=\"\" srcset=\"https:\/\/scera.lu\/wp-content\/uploads\/FOTOS-209.jpg 300w, https:\/\/scera.lu\/wp-content\/uploads\/FOTOS-209-768x512.jpg 768w, https:\/\/scera.lu\/wp-content\/uploads\/FOTOS-209-1x1.jpg 1w\" sizes=\"auto, (max-width: 300px) 100vw, 300px\" \/>\n\t\t\t<\/dt><\/dl><br style=\"clear: both\" \/><dl class='gallery-item'>\n\t\t\t<dt class='gallery-icon landscape'>\n\t\t\t\t<img loading=\"lazy\" decoding=\"async\" width=\"300\" height=\"200\" src=\"https:\/\/scera.lu\/wp-content\/uploads\/FOTOS-157.jpg\" class=\"attachment-full size-full\" alt=\"\" srcset=\"https:\/\/scera.lu\/wp-content\/uploads\/FOTOS-157.jpg 300w, https:\/\/scera.lu\/wp-content\/uploads\/FOTOS-157-768x512.jpg 768w, https:\/\/scera.lu\/wp-content\/uploads\/FOTOS-157-1x1.jpg 1w\" sizes=\"auto, (max-width: 300px) 100vw, 300px\" \/>\n\t\t\t<\/dt><\/dl><dl class='gallery-item'>\n\t\t\t<dt class='gallery-icon landscape'>\n\t\t\t\t<img loading=\"lazy\" decoding=\"async\" width=\"300\" height=\"200\" src=\"https:\/\/scera.lu\/wp-content\/uploads\/FOTOS-258.jpg\" class=\"attachment-full size-full\" alt=\"\" srcset=\"https:\/\/scera.lu\/wp-content\/uploads\/FOTOS-258.jpg 300w, https:\/\/scera.lu\/wp-content\/uploads\/FOTOS-258-768x512.jpg 768w, https:\/\/scera.lu\/wp-content\/uploads\/FOTOS-258-1x1.jpg 1w\" sizes=\"auto, (max-width: 300px) 100vw, 300px\" \/>\n\t\t\t<\/dt><\/dl><dl class='gallery-item'>\n\t\t\t<dt class='gallery-icon landscape'>\n\t\t\t\t<img loading=\"lazy\" decoding=\"async\" width=\"300\" height=\"200\" src=\"https:\/\/scera.lu\/wp-content\/uploads\/FOTOS-159.jpg\" class=\"attachment-full size-full\" alt=\"\" srcset=\"https:\/\/scera.lu\/wp-content\/uploads\/FOTOS-159.jpg 300w, https:\/\/scera.lu\/wp-content\/uploads\/FOTOS-159-768x512.jpg 768w, https:\/\/scera.lu\/wp-content\/uploads\/FOTOS-159-1x1.jpg 1w\" sizes=\"auto, (max-width: 300px) 100vw, 300px\" \/>\n\t\t\t<\/dt><\/dl><br style=\"clear: both\" \/><dl class='gallery-item'>\n\t\t\t<dt class='gallery-icon landscape'>\n\t\t\t\t<img loading=\"lazy\" decoding=\"async\" width=\"300\" height=\"200\" src=\"https:\/\/scera.lu\/wp-content\/uploads\/FOTOS-311.jpg\" class=\"attachment-full size-full\" alt=\"\" srcset=\"https:\/\/scera.lu\/wp-content\/uploads\/FOTOS-311.jpg 300w, https:\/\/scera.lu\/wp-content\/uploads\/FOTOS-311-768x512.jpg 768w, https:\/\/scera.lu\/wp-content\/uploads\/FOTOS-311-1x1.jpg 1w\" sizes=\"auto, (max-width: 300px) 100vw, 300px\" \/>\n\t\t\t<\/dt><\/dl><dl class='gallery-item'>\n\t\t\t<dt class='gallery-icon landscape'>\n\t\t\t\t<img loading=\"lazy\" decoding=\"async\" width=\"300\" height=\"200\" src=\"https:\/\/scera.lu\/wp-content\/uploads\/FOTOS-155.jpg\" class=\"attachment-full size-full\" alt=\"\" srcset=\"https:\/\/scera.lu\/wp-content\/uploads\/FOTOS-155.jpg 300w, https:\/\/scera.lu\/wp-content\/uploads\/FOTOS-155-768x512.jpg 768w, https:\/\/scera.lu\/wp-content\/uploads\/FOTOS-155-1x1.jpg 1w\" sizes=\"auto, (max-width: 300px) 100vw, 300px\" \/>\n\t\t\t<\/dt><\/dl><dl class='gallery-item'>\n\t\t\t<dt class='gallery-icon landscape'>\n\t\t\t\t<img loading=\"lazy\" decoding=\"async\" width=\"300\" height=\"200\" src=\"https:\/\/scera.lu\/wp-content\/uploads\/FOTOS-270.jpg\" class=\"attachment-full size-full\" alt=\"\" srcset=\"https:\/\/scera.lu\/wp-content\/uploads\/FOTOS-270.jpg 300w, https:\/\/scera.lu\/wp-content\/uploads\/FOTOS-270-768x512.jpg 768w, https:\/\/scera.lu\/wp-content\/uploads\/FOTOS-270-1x1.jpg 1w\" sizes=\"auto, (max-width: 300px) 100vw, 300px\" \/>\n\t\t\t<\/dt><\/dl><br style=\"clear: both\" \/><dl class='gallery-item'>\n\t\t\t<dt class='gallery-icon landscape'>\n\t\t\t\t<img loading=\"lazy\" decoding=\"async\" width=\"300\" height=\"200\" src=\"https:\/\/scera.lu\/wp-content\/uploads\/FOTOS-104-2.jpg\" class=\"attachment-full size-full\" alt=\"\" srcset=\"https:\/\/scera.lu\/wp-content\/uploads\/FOTOS-104-2.jpg 300w, https:\/\/scera.lu\/wp-content\/uploads\/FOTOS-104-2-2x1.jpg 2w\" sizes=\"auto, (max-width: 300px) 100vw, 300px\" \/>\n\t\t\t<\/dt><\/dl><dl class='gallery-item'>\n\t\t\t<dt class='gallery-icon landscape'>\n\t\t\t\t<img loading=\"lazy\" decoding=\"async\" width=\"300\" height=\"200\" src=\"https:\/\/scera.lu\/wp-content\/uploads\/IMG_1125.jpg\" class=\"attachment-full size-full\" alt=\"\" srcset=\"https:\/\/scera.lu\/wp-content\/uploads\/IMG_1125.jpg 300w, https:\/\/scera.lu\/wp-content\/uploads\/IMG_1125-2x1.jpg 2w\" sizes=\"auto, (max-width: 300px) 100vw, 300px\" \/>\n\t\t\t<\/dt><\/dl><dl class='gallery-item'>\n\t\t\t<dt class='gallery-icon landscape'>\n\t\t\t\t<img loading=\"lazy\" decoding=\"async\" width=\"300\" height=\"200\" src=\"https:\/\/scera.lu\/wp-content\/uploads\/FOTOS-198.jpg\" class=\"attachment-full size-full\" alt=\"\" srcset=\"https:\/\/scera.lu\/wp-content\/uploads\/FOTOS-198.jpg 300w, https:\/\/scera.lu\/wp-content\/uploads\/FOTOS-198-768x512.jpg 768w, https:\/\/scera.lu\/wp-content\/uploads\/FOTOS-198-1x1.jpg 1w\" sizes=\"auto, (max-width: 300px) 100vw, 300px\" \/>\n\t\t\t<\/dt><\/dl><br style=\"clear: both\" \/><dl class='gallery-item'>\n\t\t\t<dt class='gallery-icon landscape'>\n\t\t\t\t<img loading=\"lazy\" decoding=\"async\" width=\"300\" height=\"200\" src=\"https:\/\/scera.lu\/wp-content\/uploads\/FOTOS-131.jpg\" class=\"attachment-full size-full\" alt=\"\" srcset=\"https:\/\/scera.lu\/wp-content\/uploads\/FOTOS-131.jpg 300w, https:\/\/scera.lu\/wp-content\/uploads\/FOTOS-131-768x512.jpg 768w, https:\/\/scera.lu\/wp-content\/uploads\/FOTOS-131-1x1.jpg 1w\" sizes=\"auto, (max-width: 300px) 100vw, 300px\" \/>\n\t\t\t<\/dt><\/dl><dl class='gallery-item'>\n\t\t\t<dt class='gallery-icon landscape'>\n\t\t\t\t<img loading=\"lazy\" decoding=\"async\" width=\"300\" height=\"200\" src=\"https:\/\/scera.lu\/wp-content\/uploads\/FOTOS-341.jpg\" class=\"attachment-full size-full\" alt=\"\" srcset=\"https:\/\/scera.lu\/wp-content\/uploads\/FOTOS-341.jpg 300w, https:\/\/scera.lu\/wp-content\/uploads\/FOTOS-341-768x512.jpg 768w, https:\/\/scera.lu\/wp-content\/uploads\/FOTOS-341-1x1.jpg 1w\" sizes=\"auto, (max-width: 300px) 100vw, 300px\" \/>\n\t\t\t<\/dt><\/dl><dl class='gallery-item'>\n\t\t\t<dt class='gallery-icon landscape'>\n\t\t\t\t<img loading=\"lazy\" decoding=\"async\" width=\"300\" height=\"200\" src=\"https:\/\/scera.lu\/wp-content\/uploads\/FOTOS-199.jpg\" class=\"attachment-full size-full\" alt=\"\" srcset=\"https:\/\/scera.lu\/wp-content\/uploads\/FOTOS-199.jpg 300w, https:\/\/scera.lu\/wp-content\/uploads\/FOTOS-199-768x512.jpg 768w, https:\/\/scera.lu\/wp-content\/uploads\/FOTOS-199-1x1.jpg 1w\" sizes=\"auto, (max-width: 300px) 100vw, 300px\" \/>\n\t\t\t<\/dt><\/dl><br style=\"clear: both\" \/><dl class='gallery-item'>\n\t\t\t<dt class='gallery-icon landscape'>\n\t\t\t\t<img loading=\"lazy\" decoding=\"async\" width=\"300\" height=\"200\" src=\"https:\/\/scera.lu\/wp-content\/uploads\/FOTOS-379.jpg\" class=\"attachment-full size-full\" alt=\"\" srcset=\"https:\/\/scera.lu\/wp-content\/uploads\/FOTOS-379.jpg 300w, https:\/\/scera.lu\/wp-content\/uploads\/FOTOS-379-768x512.jpg 768w, https:\/\/scera.lu\/wp-content\/uploads\/FOTOS-379-1x1.jpg 1w\" sizes=\"auto, (max-width: 300px) 100vw, 300px\" \/>\n\t\t\t<\/dt><\/dl><dl class='gallery-item'>\n\t\t\t<dt class='gallery-icon landscape'>\n\t\t\t\t<img loading=\"lazy\" decoding=\"async\" width=\"300\" height=\"200\" src=\"https:\/\/scera.lu\/wp-content\/uploads\/IMG_6833.jpg\" class=\"attachment-full size-full\" alt=\"\" srcset=\"https:\/\/scera.lu\/wp-content\/uploads\/IMG_6833.jpg 300w, https:\/\/scera.lu\/wp-content\/uploads\/IMG_6833-2x1.jpg 2w\" sizes=\"auto, (max-width: 300px) 100vw, 300px\" \/>\n\t\t\t<\/dt><\/dl><dl class='gallery-item'>\n\t\t\t<dt class='gallery-icon landscape'>\n\t\t\t\t<img loading=\"lazy\" decoding=\"async\" width=\"267\" height=\"200\" src=\"https:\/\/scera.lu\/wp-content\/uploads\/P1050599.jpg\" class=\"attachment-full size-full\" alt=\"\" srcset=\"https:\/\/scera.lu\/wp-content\/uploads\/P1050599.jpg 267w, https:\/\/scera.lu\/wp-content\/uploads\/P1050599-768x576.jpg 768w, https:\/\/scera.lu\/wp-content\/uploads\/P1050599-1x1.jpg 1w\" sizes=\"auto, (max-width: 267px) 100vw, 267px\" \/>\n\t\t\t<\/dt><\/dl><br style=\"clear: both\" \/><dl class='gallery-item'>\n\t\t\t<dt class='gallery-icon landscape'>\n\t\t\t\t<img loading=\"lazy\" decoding=\"async\" width=\"300\" height=\"200\" src=\"https:\/\/scera.lu\/wp-content\/uploads\/Gilles-2.jpg\" class=\"attachment-full size-full\" alt=\"\" srcset=\"https:\/\/scera.lu\/wp-content\/uploads\/Gilles-2.jpg 300w, https:\/\/scera.lu\/wp-content\/uploads\/Gilles-2-2x1.jpg 2w\" sizes=\"auto, (max-width: 300px) 100vw, 300px\" \/>\n\t\t\t<\/dt><\/dl><dl class='gallery-item'>\n\t\t\t<dt class='gallery-icon landscape'>\n\t\t\t\t<img loading=\"lazy\" decoding=\"async\" width=\"300\" height=\"200\" src=\"https:\/\/scera.lu\/wp-content\/uploads\/FOTOS-151.jpg\" class=\"attachment-full size-full\" alt=\"\" srcset=\"https:\/\/scera.lu\/wp-content\/uploads\/FOTOS-151.jpg 300w, https:\/\/scera.lu\/wp-content\/uploads\/FOTOS-151-768x512.jpg 768w, https:\/\/scera.lu\/wp-content\/uploads\/FOTOS-151-1x1.jpg 1w\" sizes=\"auto, (max-width: 300px) 100vw, 300px\" \/>\n\t\t\t<\/dt><\/dl><dl class='gallery-item'>\n\t\t\t<dt class='gallery-icon landscape'>\n\t\t\t\t<img loading=\"lazy\" decoding=\"async\" width=\"300\" height=\"200\" src=\"https:\/\/scera.lu\/wp-content\/uploads\/IMG_1556.jpg\" class=\"attachment-full size-full\" alt=\"\" srcset=\"https:\/\/scera.lu\/wp-content\/uploads\/IMG_1556.jpg 300w, https:\/\/scera.lu\/wp-content\/uploads\/IMG_1556-2x1.jpg 2w\" sizes=\"auto, (max-width: 300px) 100vw, 300px\" \/>\n\t\t\t<\/dt><\/dl><br style=\"clear: both\" \/><dl class='gallery-item'>\n\t\t\t<dt class='gallery-icon landscape'>\n\t\t\t\t<img loading=\"lazy\" decoding=\"async\" width=\"300\" height=\"200\" src=\"https:\/\/scera.lu\/wp-content\/uploads\/FOTOS-162.jpg\" class=\"attachment-full size-full\" alt=\"\" srcset=\"https:\/\/scera.lu\/wp-content\/uploads\/FOTOS-162.jpg 300w, https:\/\/scera.lu\/wp-content\/uploads\/FOTOS-162-768x512.jpg 768w, https:\/\/scera.lu\/wp-content\/uploads\/FOTOS-162-1x1.jpg 1w\" sizes=\"auto, (max-width: 300px) 100vw, 300px\" \/>\n\t\t\t<\/dt><\/dl><dl class='gallery-item'>\n\t\t\t<dt class='gallery-icon landscape'>\n\t\t\t\t<img loading=\"lazy\" decoding=\"async\" width=\"300\" height=\"200\" src=\"https:\/\/scera.lu\/wp-content\/uploads\/IMG_4920.jpg\" class=\"attachment-full size-full\" alt=\"\" srcset=\"https:\/\/scera.lu\/wp-content\/uploads\/IMG_4920.jpg 300w, https:\/\/scera.lu\/wp-content\/uploads\/IMG_4920-768x512.jpg 768w, https:\/\/scera.lu\/wp-content\/uploads\/IMG_4920-2x1.jpg 2w\" sizes=\"auto, (max-width: 300px) 100vw, 300px\" \/>\n\t\t\t<\/dt><\/dl><dl class='gallery-item'>\n\t\t\t<dt class='gallery-icon landscape'>\n\t\t\t\t<img loading=\"lazy\" decoding=\"async\" width=\"300\" height=\"200\" src=\"https:\/\/scera.lu\/wp-content\/uploads\/IMG_7022.jpg\" class=\"attachment-full size-full\" alt=\"\" srcset=\"https:\/\/scera.lu\/wp-content\/uploads\/IMG_7022.jpg 300w, https:\/\/scera.lu\/wp-content\/uploads\/IMG_7022-2x1.jpg 2w\" sizes=\"auto, (max-width: 300px) 100vw, 300px\" \/>\n\t\t\t<\/dt><\/dl><br style=\"clear: both\" \/>\n\t\t<\/div>\n\n<h2><\/h2>\n<h2><span style=\"color: #ff99cc;\"><strong><span style=\"color: #993300;\">\u00a0 \u00a0 \u00a0 \u00a0 \u00a0\u00a0 \u00a0 *************************************<\/span><\/strong><\/span><\/h2>\n<h3><span style=\"color: #3366ff;\"><strong><span style=\"text-decoration: underline;\">Groupe Avanc\u00e9s 23.04.2019<\/span><\/strong><\/span><\/h3>\n<p><img loading=\"lazy\" decoding=\"async\" class=\" wp-image-3795 alignleft\" src=\"https:\/\/scera.lu\/wp-content\/uploads\/Avanc\u00e9s-23.04.2019-7.jpg\" alt=\"\" width=\"271\" height=\"361\" srcset=\"https:\/\/scera.lu\/wp-content\/uploads\/Avanc\u00e9s-23.04.2019-7.jpg 150w, https:\/\/scera.lu\/wp-content\/uploads\/Avanc\u00e9s-23.04.2019-7-768x1024.jpg 768w, https:\/\/scera.lu\/wp-content\/uploads\/Avanc\u00e9s-23.04.2019-7-1x1.jpg 1w\" sizes=\"auto, (max-width: 271px) 100vw, 271px\" \/><\/p>\n<p><img loading=\"lazy\" decoding=\"async\" class=\"wp-image-3788 alignright\" src=\"https:\/\/scera.lu\/wp-content\/uploads\/Avanc\u00e9s-23.04.2019-0.jpg\" alt=\"\" width=\"265\" height=\"354\" srcset=\"https:\/\/scera.lu\/wp-content\/uploads\/Avanc\u00e9s-23.04.2019-0.jpg 150w, https:\/\/scera.lu\/wp-content\/uploads\/Avanc\u00e9s-23.04.2019-0-768x1024.jpg 768w, https:\/\/scera.lu\/wp-content\/uploads\/Avanc\u00e9s-23.04.2019-0-1x1.jpg 1w\" sizes=\"auto, (max-width: 265px) 100vw, 265px\" \/><\/p>\n<p><img loading=\"lazy\" decoding=\"async\" class=\"aligncenter  wp-image-3799\" src=\"https:\/\/scera.lu\/wp-content\/uploads\/Avanc\u00e9s-23.04.2019-5.png\" alt=\"\" width=\"599\" height=\"448\" srcset=\"https:\/\/scera.lu\/wp-content\/uploads\/Avanc\u00e9s-23.04.2019-5.png 267w, https:\/\/scera.lu\/wp-content\/uploads\/Avanc\u00e9s-23.04.2019-5-768x576.png 768w, https:\/\/scera.lu\/wp-content\/uploads\/Avanc\u00e9s-23.04.2019-5-1x1.png 1w\" sizes=\"auto, (max-width: 599px) 100vw, 599px\" \/><\/p>\n<p><img loading=\"lazy\" decoding=\"async\" class=\" wp-image-3798 alignleft\" src=\"https:\/\/scera.lu\/wp-content\/uploads\/Avanc\u00e9s-23.04.2019-8.png\" alt=\"\" width=\"258\" height=\"344\" srcset=\"https:\/\/scera.lu\/wp-content\/uploads\/Avanc\u00e9s-23.04.2019-8.png 150w, https:\/\/scera.lu\/wp-content\/uploads\/Avanc\u00e9s-23.04.2019-8-768x1024.png 768w, https:\/\/scera.lu\/wp-content\/uploads\/Avanc\u00e9s-23.04.2019-8-1x1.png 1w\" sizes=\"auto, (max-width: 258px) 100vw, 258px\" \/><\/p>\n<p><img loading=\"lazy\" decoding=\"async\" class=\"wp-image-3789 alignright\" src=\"https:\/\/scera.lu\/wp-content\/uploads\/Avanc\u00e9s-23.04.2019-1.jpg\" alt=\"\" width=\"261\" height=\"348\" srcset=\"https:\/\/scera.lu\/wp-content\/uploads\/Avanc\u00e9s-23.04.2019-1.jpg 150w, https:\/\/scera.lu\/wp-content\/uploads\/Avanc\u00e9s-23.04.2019-1-768x1024.jpg 768w, https:\/\/scera.lu\/wp-content\/uploads\/Avanc\u00e9s-23.04.2019-1-1x1.jpg 1w\" sizes=\"auto, (max-width: 261px) 100vw, 261px\" \/><\/p>\n<p><img loading=\"lazy\" decoding=\"async\" class=\"aligncenter  wp-image-3792\" src=\"https:\/\/scera.lu\/wp-content\/uploads\/Avanc\u00e9s-23.04.2019-4.jpg\" alt=\"\" width=\"604\" height=\"452\" srcset=\"https:\/\/scera.lu\/wp-content\/uploads\/Avanc\u00e9s-23.04.2019-4.jpg 267w, https:\/\/scera.lu\/wp-content\/uploads\/Avanc\u00e9s-23.04.2019-4-768x576.jpg 768w, https:\/\/scera.lu\/wp-content\/uploads\/Avanc\u00e9s-23.04.2019-4-1x1.jpg 1w\" sizes=\"auto, (max-width: 604px) 100vw, 604px\" \/><\/p>\n<p><img loading=\"lazy\" decoding=\"async\" class=\" wp-image-3791 alignleft\" src=\"https:\/\/scera.lu\/wp-content\/uploads\/Avanc\u00e9s-23.04.2019-3.jpg\" alt=\"\" width=\"269\" height=\"358\" srcset=\"https:\/\/scera.lu\/wp-content\/uploads\/Avanc\u00e9s-23.04.2019-3.jpg 150w, https:\/\/scera.lu\/wp-content\/uploads\/Avanc\u00e9s-23.04.2019-3-768x1024.jpg 768w, https:\/\/scera.lu\/wp-content\/uploads\/Avanc\u00e9s-23.04.2019-3-1x1.jpg 1w\" sizes=\"auto, (max-width: 269px) 100vw, 269px\" \/><\/p>\n<p><img loading=\"lazy\" decoding=\"async\" class=\"wp-image-3794 alignright\" src=\"https:\/\/scera.lu\/wp-content\/uploads\/Avanc\u00e9s-23.04.2019-6.jpg\" alt=\"\" width=\"270\" height=\"360\" srcset=\"https:\/\/scera.lu\/wp-content\/uploads\/Avanc\u00e9s-23.04.2019-6.jpg 150w, https:\/\/scera.lu\/wp-content\/uploads\/Avanc\u00e9s-23.04.2019-6-768x1024.jpg 768w, https:\/\/scera.lu\/wp-content\/uploads\/Avanc\u00e9s-23.04.2019-6-1x1.jpg 1w\" sizes=\"auto, (max-width: 270px) 100vw, 270px\" \/><\/p>\n<h2><span style=\"color: #ff99cc;\"><strong><span style=\"color: #993300;\">\u00a0<\/span><\/strong><\/span><\/h2>\n<h2><span style=\"color: #ff99cc;\"><strong><span style=\"color: #993300;\">\u00a0 \u00a0 <\/span><\/strong><\/span><\/h2>\n<h2><span style=\"color: #ff99cc;\"><strong><span style=\"color: #993300;\">\u00a0<\/span><\/strong><\/span><\/h2>\n","protected":false},"excerpt":{"rendered":"<p>Quelques impressions des ann\u00e9es pr\u00e9c\u00e9dentes du SC ERA \u00a0 \u00a0 \u00a0 \u00a0 \u00a0\u00a0 \u00a0 ************************************* Groupe Avanc\u00e9s 23.04.2019 \u00a0 \u00a0 \u00a0 \u00a0<\/p>\n","protected":false},"author":2,"featured_media":0,"parent":0,"menu_order":4,"comment_status":"closed","ping_status":"closed","template":"","meta":{"footnotes":""},"class_list":["post-124","page","type-page","status-publish","hentry"],"_links":{"self":[{"href":"https:\/\/scera.lu\/index.php?rest_route=\/wp\/v2\/pages\/124","targetHints":{"allow":["GET"]}}],"collection":[{"href":"https:\/\/scera.lu\/index.php?rest_route=\/wp\/v2\/pages"}],"about":[{"href":"https:\/\/scera.lu\/index.php?rest_route=\/wp\/v2\/types\/page"}],"author":[{"embeddable":true,"href":"https:\/\/scera.lu\/index.php?rest_route=\/wp\/v2\/users\/2"}],"replies":[{"embeddable":true,"href":"https:\/\/scera.lu\/index.php?rest_route=%2Fwp%2Fv2%2Fcomments&post=124"}],"version-history":[{"count":76,"href":"https:\/\/scera.lu\/index.php?rest_route=\/wp\/v2\/pages\/124\/revisions"}],"predecessor-version":[{"id":4602,"href":"https:\/\/scera.lu\/index.php?rest_route=\/wp\/v2\/pages\/124\/revisions\/4602"}],"wp:attachment":[{"href":"https:\/\/scera.lu\/index.php?rest_route=%2Fwp%2Fv2%2Fmedia&parent=124"}],"curies":[{"name":"wp","href":"https:\/\/api.w.org\/{rel}","templated":true}]}}